{"id":1582,"date":"2023-11-24T10:58:00","date_gmt":"2023-11-24T09:58:00","guid":{"rendered":"https:\/\/bergmuehle-flensburg.com\/?post_type=product&#038;p=1582"},"modified":"2024-08-12T13:40:06","modified_gmt":"2024-08-12T12:40:06","slug":"windmuehle","status":"publish","type":"product","link":"https:\/\/bergmuehle-flensburg.com\/?product=windmuehle","title":{"rendered":"Windm\u00fchle"},"content":{"rendered":"<p>Solarbetriebene Windm\u00fchle \u00bbHolland\u00ab (Bausatz). Alle Holzteile sind vorgefertigt und k\u00f6nnen kinderleicht zusammengef\u00fcgt werden. Die M\u00fchle kann beliebig bemalt werden.<\/p>\n","protected":false},"excerpt":{"rendered":"<p>Solarbetriebene Windm\u00fchle \u00bbHolland\u00ab (Bausatz). Alle Holzteile sind vorgefertigt und k\u00f6nnen kinderleicht zusammengef\u00fcgt werden. Die M\u00fchle kann beliebig bemalt werden.<\/p>\n","protected":false},"featured_media":1491,"template":"","meta":{"ngg_post_thumbnail":0},"product_cat":[67],"product_tag":[],"featured_image_urls":{"full":["https:\/\/bergmuehle-flensburg.com\/wp-content\/uploads\/2023\/11\/bm_windmuehle.jpg",720,720,false],"thumbnail":["https:\/\/bergmuehle-flensburg.com\/wp-content\/uploads\/2023\/11\/bm_windmuehle-150x150.jpg",150,150,true],"medium":["https:\/\/bergmuehle-flensburg.com\/wp-content\/uploads\/2023\/11\/bm_windmuehle-300x300.jpg",300,300,true],"medium_large":["https:\/\/bergmuehle-flensburg.com\/wp-content\/uploads\/2023\/11\/bm_windmuehle.jpg",720,720,false],"large":["https:\/\/bergmuehle-flensburg.com\/wp-content\/uploads\/2023\/11\/bm_windmuehle-700x700.jpg",700,700,true],"1536x1536":["https:\/\/bergmuehle-flensburg.com\/wp-content\/uploads\/2023\/11\/bm_windmuehle.jpg",720,720,false],"2048x2048":["https:\/\/bergmuehle-flensburg.com\/wp-content\/uploads\/2023\/11\/bm_windmuehle.jpg",720,720,false],"woocommerce_thumbnail":["https:\/\/bergmuehle-flensburg.com\/wp-content\/uploads\/2023\/11\/bm_windmuehle-300x300.jpg",300,300,true],"woocommerce_single":["https:\/\/bergmuehle-flensburg.com\/wp-content\/uploads\/2023\/11\/bm_windmuehle-600x600.jpg",600,600,true],"woocommerce_gallery_thumbnail":["https:\/\/bergmuehle-flensburg.com\/wp-content\/uploads\/2023\/11\/bm_windmuehle-100x100.jpg",100,100,true]},"post_excerpt_stackable":"<p>Solarbetriebene Windm\u00fchle \u00bbHolland\u00ab (Bausatz). Alle Holzteile sind vorgefertigt und k\u00f6nnen kinderleicht zusammengef\u00fcgt werden. Die M\u00fchle kann beliebig bemalt werden.<\/p>\n","category_list":"","author_info":{"name":"","url":""},"comments_num":"0 comments","_links":{"self":[{"href":"https:\/\/bergmuehle-flensburg.com\/index.php?rest_route=\/wp\/v2\/product\/1582"}],"collection":[{"href":"https:\/\/bergmuehle-flensburg.com\/index.php?rest_route=\/wp\/v2\/product"}],"about":[{"href":"https:\/\/bergmuehle-flensburg.com\/index.php?rest_route=\/wp\/v2\/types\/product"}],"wp:featuredmedia":[{"embeddable":true,"href":"https:\/\/bergmuehle-flensburg.com\/index.php?rest_route=\/wp\/v2\/media\/1491"}],"wp:attachment":[{"href":"https:\/\/bergmuehle-flensburg.com\/index.php?rest_route=%2Fwp%2Fv2%2Fmedia&parent=1582"}],"wp:term":[{"taxonomy":"product_cat","embeddable":true,"href":"https:\/\/bergmuehle-flensburg.com\/index.php?rest_route=%2Fwp%2Fv2%2Fproduct_cat&post=1582"},{"taxonomy":"product_tag","embeddable":true,"href":"https:\/\/bergmuehle-flensburg.com\/index.php?rest_route=%2Fwp%2Fv2%2Fproduct_tag&post=1582"}],"curies":[{"name":"wp","href":"https:\/\/api.w.org\/{rel}","templated":true}]}}