{"id":1579,"date":"2023-11-24T10:52:06","date_gmt":"2023-11-24T09:52:06","guid":{"rendered":"https:\/\/bergmuehle-flensburg.com\/?post_type=product&#038;p=1579"},"modified":"2024-03-28T14:41:47","modified_gmt":"2024-03-28T13:41:47","slug":"muehlenburgunder","status":"publish","type":"product","link":"https:\/\/bergmuehle-flensburg.com\/?product=muehlenburgunder","title":{"rendered":"M\u00fchlenburgunder"},"content":{"rendered":"<p>Richtig lecker und beliebt ist der M\u00fchlenburgunder: Ein trockener Grauburgunder (2022, alc. 12,0% vol., 1,00L Flasche ) vom Weingut Schittler-Becker in Rheinhessen. Ein deutscher Qualit\u00e4tswein! Dieser Graue Burgunder besitzt ein feines Aroma von reifen Quitten, Birnen mit Ankl\u00e4ngen an Mandeln und einen leichten schmelzigen Abgang. Der M\u00fchlenburgunder wird mit einem Etikett der Bergm\u00fchle ausgestattet. Durch die Zusammenarbeit mit \u00bbDer Weinladen\u00ab (Flensburg, Friesische Str. 5) wird der M\u00fchlenburgunder in einigen Restaurants in Flensburg ausgeschenkt.<\/p>\n<p>M\u00fchlenburgunder (12,0% vol. in der 1,00L Flasche)<\/p>\n","protected":false},"excerpt":{"rendered":"<p>Richtig lecker und beliebt ist der M\u00fchlenburgunder: Ein trockener Grauburgunder (2022, alc. 12,0% vol., 1,00L Flasche ) vom Weingut Schittler-Becker in Rheinhessen. Ein deutscher Qualit\u00e4tswein! Dieser Graue Burgunder besitzt ein feines Aroma von reifen Quitten, Birnen mit Ankl\u00e4ngen an Mandeln und einen leichten schmelzigen Abgang. Der M\u00fchlenburgunder wird mit einem Etikett der Bergm\u00fchle ausgestattet. Durch die Zusammenarbeit mit \u00bbDer Weinladen\u00ab (Flensburg, Friesische Str. 5) wird der M\u00fchlenburgunder in einigen Restaurants in Flensburg ausgeschenkt.<\/p>\n<p>M\u00fchlenburgunder (12,0% vol. in der 1,00L Flasche)<\/p>\n","protected":false},"featured_media":1505,"template":"","meta":{"ngg_post_thumbnail":0},"product_cat":[57],"product_tag":[],"featured_image_urls":{"full":["https:\/\/bergmuehle-flensburg.com\/wp-content\/uploads\/2023\/11\/bm_muehlenburgunder_02.jpg",720,719,false],"thumbnail":["https:\/\/bergmuehle-flensburg.com\/wp-content\/uploads\/2023\/11\/bm_muehlenburgunder_02-150x150.jpg",150,150,true],"medium":["https:\/\/bergmuehle-flensburg.com\/wp-content\/uploads\/2023\/11\/bm_muehlenburgunder_02-300x300.jpg",300,300,true],"medium_large":["https:\/\/bergmuehle-flensburg.com\/wp-content\/uploads\/2023\/11\/bm_muehlenburgunder_02.jpg",720,719,false],"large":["https:\/\/bergmuehle-flensburg.com\/wp-content\/uploads\/2023\/11\/bm_muehlenburgunder_02-700x699.jpg",700,699,true],"1536x1536":["https:\/\/bergmuehle-flensburg.com\/wp-content\/uploads\/2023\/11\/bm_muehlenburgunder_02.jpg",720,719,false],"2048x2048":["https:\/\/bergmuehle-flensburg.com\/wp-content\/uploads\/2023\/11\/bm_muehlenburgunder_02.jpg",720,719,false],"woocommerce_thumbnail":["https:\/\/bergmuehle-flensburg.com\/wp-content\/uploads\/2023\/11\/bm_muehlenburgunder_02-300x300.jpg",300,300,true],"woocommerce_single":["https:\/\/bergmuehle-flensburg.com\/wp-content\/uploads\/2023\/11\/bm_muehlenburgunder_02-600x599.jpg",600,599,true],"woocommerce_gallery_thumbnail":["https:\/\/bergmuehle-flensburg.com\/wp-content\/uploads\/2023\/11\/bm_muehlenburgunder_02-100x100.jpg",100,100,true]},"post_excerpt_stackable":"<p>Richtig lecker und beliebt ist der M\u00fchlenburgunder: Ein trockener Grauburgunder (2022, alc. 12,0% vol., 1,00L Flasche ) vom Weingut Schittler-Becker in Rheinhessen. Ein deutscher Qualit\u00e4tswein! Dieser Graue Burgunder besitzt ein feines Aroma von reifen Quitten, Birnen mit Ankl\u00e4ngen an Mandeln und einen leichten schmelzigen Abgang. Der M\u00fchlenburgunder wird mit einem Etikett der Bergm\u00fchle ausgestattet. Durch die Zusammenarbeit mit \u00bbDer Weinladen\u00ab (Flensburg, Friesische Str. 5) wird der M\u00fchlenburgunder in einigen Restaurants in Flensburg ausgeschenkt.<\/p>\n<p>M\u00fchlenburgunder (12,0% vol. in der 1,00L Flasche)<\/p>\n","category_list":"","author_info":{"name":"","url":""},"comments_num":"0 comments","_links":{"self":[{"href":"https:\/\/bergmuehle-flensburg.com\/index.php?rest_route=\/wp\/v2\/product\/1579"}],"collection":[{"href":"https:\/\/bergmuehle-flensburg.com\/index.php?rest_route=\/wp\/v2\/product"}],"about":[{"href":"https:\/\/bergmuehle-flensburg.com\/index.php?rest_route=\/wp\/v2\/types\/product"}],"wp:featuredmedia":[{"embeddable":true,"href":"https:\/\/bergmuehle-flensburg.com\/index.php?rest_route=\/wp\/v2\/media\/1505"}],"wp:attachment":[{"href":"https:\/\/bergmuehle-flensburg.com\/index.php?rest_route=%2Fwp%2Fv2%2Fmedia&parent=1579"}],"wp:term":[{"taxonomy":"product_cat","embeddable":true,"href":"https:\/\/bergmuehle-flensburg.com\/index.php?rest_route=%2Fwp%2Fv2%2Fproduct_cat&post=1579"},{"taxonomy":"product_tag","embeddable":true,"href":"https:\/\/bergmuehle-flensburg.com\/index.php?rest_route=%2Fwp%2Fv2%2Fproduct_tag&post=1579"}],"curies":[{"name":"wp","href":"https:\/\/api.w.org\/{rel}","templated":true}]}}